{"id":8925,"date":"2020-05-19T09:41:54","date_gmt":"2020-05-19T07:41:54","guid":{"rendered":"https:\/\/www.pharmacieparvais.com\/?post_type=product&#038;p=8925"},"modified":"2020-07-21T10:01:29","modified_gmt":"2020-07-21T08:01:29","slug":"repulsif-moustiques-et-tiques-deet-a-30-ou-50-huile-essentielle-2","status":"publish","type":"product","link":"https:\/\/www.pharmacieparvais.com\/index.php\/product\/repulsif-moustiques-et-tiques-deet-a-30-ou-50-huile-essentielle-2\/","title":{"rendered":"R\u00e9pulsif moustiques et tiques"},"content":{"rendered":"","protected":false},"excerpt":{"rendered":"<p><strong><span lang=\"FR\">Indication :<\/span><\/strong><span class=\"apple-converted-space\"><span lang=\"FR\">\u00a0compos\u00e9e de DEET \u00e0 30% ou \u00e0 50% et de 2% d\u2019huiles essentielles, c\u2019est un excellent <\/span><\/span><span lang=\"FR\">pr\u00e9ventif contre les piq\u00fbres de moustiques, aussi bien en Belgique que dans les pays tropicaux. Efficacit\u00e9 plus limit\u00e9e contre les autres insectes et les tiques.<\/span><\/p>\n<p><strong><span lang=\"FR\">Posologie :<\/span><\/strong><span class=\"apple-converted-space\"><span lang=\"FR\">\u00a0<\/span><\/span><span lang=\"FR\">appliquez toutes les 6 \u00e0 8 heures sur les surfaces du corps non recouvertes d\u2019un v\u00eatement. Dans les pays tropicaux, des moustiques piquant en journ\u00e9e peuvent transmettre des maladies telles que la dengue, le chikungunya, la fi\u00e8vre jaune etc\u2026 Il faut d\u2019abord appliquer la protection solaire puis ensuite le r\u00e9pulsif. <\/span><\/p>\n<p><strong><span lang=\"FR\">Pr\u00e9cautions d\u2019usage :<\/span><\/strong><span class=\"apple-converted-space\"><span lang=\"FR\">\u00a0<\/span><\/span><span lang=\"FR\">ATTENTION dans certaines zones tropicales, une moustiquaire pour la nuit est conseill\u00e9e. Les femmes enceintes ne peuvent utiliser le r\u00e9pulsif que dans les pays touch\u00e9s par la malaria et sur avis m\u00e9dical pr\u00e9alable. Contre-indiqu\u00e9 chez les enfants de moins de 3 ans. Evitez le contact avec les yeux et les voies respiratoires. Lavez-vous les mains apr\u00e8s usage. Peut ternir certains plastiques.<\/span><\/p>\n","protected":false},"featured_media":9812,"template":"","meta":[],"product_brand":[],"product_cat":[41],"product_tag":[],"class_list":{"0":"post-8925","1":"product","2":"type-product","3":"status-publish","4":"has-post-thumbnail","6":"product_cat-produits-ete","8":"first","9":"instock","10":"shipping-taxable","11":"product-type-simple"},"_links":{"self":[{"href":"https:\/\/www.pharmacieparvais.com\/index.php\/wp-json\/wp\/v2\/product\/8925","targetHints":{"allow":["GET"]}}],"collection":[{"href":"https:\/\/www.pharmacieparvais.com\/index.php\/wp-json\/wp\/v2\/product"}],"about":[{"href":"https:\/\/www.pharmacieparvais.com\/index.php\/wp-json\/wp\/v2\/types\/product"}],"wp:featuredmedia":[{"embeddable":true,"href":"https:\/\/www.pharmacieparvais.com\/index.php\/wp-json\/wp\/v2\/media\/9812"}],"wp:attachment":[{"href":"https:\/\/www.pharmacieparvais.com\/index.php\/wp-json\/wp\/v2\/media?parent=8925"}],"wp:term":[{"taxonomy":"product_brand","embeddable":true,"href":"https:\/\/www.pharmacieparvais.com\/index.php\/wp-json\/wp\/v2\/product_brand?post=8925"},{"taxonomy":"product_cat","embeddable":true,"href":"https:\/\/www.pharmacieparvais.com\/index.php\/wp-json\/wp\/v2\/product_cat?post=8925"},{"taxonomy":"product_tag","embeddable":true,"href":"https:\/\/www.pharmacieparvais.com\/index.php\/wp-json\/wp\/v2\/product_tag?post=8925"}],"curies":[{"name":"wp","href":"https:\/\/api.w.org\/{rel}","templated":true}]}}