{"id":8827,"date":"2020-04-13T18:11:21","date_gmt":"2020-04-13T16:11:21","guid":{"rendered":"https:\/\/www.pharmacieparvais.com\/?post_type=product&#038;p=8827"},"modified":"2020-07-19T20:16:05","modified_gmt":"2020-07-19T18:16:05","slug":"solution-immuno","status":"publish","type":"product","link":"https:\/\/www.pharmacieparvais.com\/index.php\/product\/solution-immuno\/","title":{"rendered":"Immuno solution"},"content":{"rendered":"","protected":false},"excerpt":{"rendered":"<p><strong><span lang=\"FR\">Indication :<\/span><\/strong><span lang=\"FR\">\u00a0Gr\u00e2ce \u00e0 l&#8217;action de ses 10 huiles essentielles, elle augmente les d\u00e9fenses immunitaires. Elle procure un confort respiratoire en cas de rhinite, sinusite, inflammations ORL, bronchite, trach\u00e9ite, BPCO, emphys\u00e8me. Elle est efficace comme antivirale, anti-infectieuse, mucolytique, fluidifiante, immuno stimulante, anti spasmodique et myorelaxante. Elle calme les toux douloureuses.<\/span><\/p>\n<p><strong><span lang=\"FR\">Posologie :<\/span><\/strong><span lang=\"FR\">\u00a0\u00a0<\/span><\/p>\n<ul>\n<li><span lang=\"FR\">Par voie orale : enfants de 7 \u00e0 12 ans : maximum 1 goutte trois fois par jour\u00a0<\/span><span lang=\"FR\">adultes : max 2 gouttes quatre fois par jour \u2192\u00a0<\/span><span lang=\"FR\">dans du miel ou sur de la mie de pain. <\/span><\/li>\n<li><span lang=\"FR\">En inhalations : 5 \u00e0 10 gouttes dans un bol d\u2019eau chaude, dans l&#8217;humidificateur ou un diffuseur d\u2019huiles essentielles. 2 \u00e0 3 gouttes sur votre mouchoir, \u00e9charpe (pour assainir l&#8217;air inhal\u00e9) ou oreiller <\/span><\/li>\n<li><span lang=\"FR\">Par voie cutan\u00e9e : 1 goutte dans 10 gouttes d&#8217;huile v\u00e9g\u00e9tale ou 1 goutte pure si support\u00e9e (\u00e0\u00a0<\/span><span lang=\"FR\">tester sur l\u2019avant-bras). Appliquez toutes les 2 heures sur les poignets, la nuque et les chaines ganglionnaires derri\u00e8re les oreilles douloureuses <\/span><\/li>\n<\/ul>\n<p><strong><span lang=\"FR\">Pr\u00e9cautions d\u2019usage :<\/span><\/strong><span lang=\"FR\">\u00a0pas en dessous de 7 ans par voie orale. Eviter d&#8217;appliquer sur la tyro\u00efde<\/span><\/p>\n","protected":false},"featured_media":9553,"template":"","meta":[],"product_brand":[],"product_cat":[42],"product_tag":[],"class_list":{"0":"post-8827","1":"product","2":"type-product","3":"status-publish","4":"has-post-thumbnail","6":"product_cat-infections-orl","8":"first","9":"instock","10":"shipping-taxable","11":"product-type-simple"},"_links":{"self":[{"href":"https:\/\/www.pharmacieparvais.com\/index.php\/wp-json\/wp\/v2\/product\/8827","targetHints":{"allow":["GET"]}}],"collection":[{"href":"https:\/\/www.pharmacieparvais.com\/index.php\/wp-json\/wp\/v2\/product"}],"about":[{"href":"https:\/\/www.pharmacieparvais.com\/index.php\/wp-json\/wp\/v2\/types\/product"}],"wp:featuredmedia":[{"embeddable":true,"href":"https:\/\/www.pharmacieparvais.com\/index.php\/wp-json\/wp\/v2\/media\/9553"}],"wp:attachment":[{"href":"https:\/\/www.pharmacieparvais.com\/index.php\/wp-json\/wp\/v2\/media?parent=8827"}],"wp:term":[{"taxonomy":"product_brand","embeddable":true,"href":"https:\/\/www.pharmacieparvais.com\/index.php\/wp-json\/wp\/v2\/product_brand?post=8827"},{"taxonomy":"product_cat","embeddable":true,"href":"https:\/\/www.pharmacieparvais.com\/index.php\/wp-json\/wp\/v2\/product_cat?post=8827"},{"taxonomy":"product_tag","embeddable":true,"href":"https:\/\/www.pharmacieparvais.com\/index.php\/wp-json\/wp\/v2\/product_tag?post=8827"}],"curies":[{"name":"wp","href":"https:\/\/api.w.org\/{rel}","templated":true}]}}