{"id":8708,"date":"2020-04-01T15:20:17","date_gmt":"2020-04-01T13:20:17","guid":{"rendered":"https:\/\/www.pharmacieparvais.com\/?post_type=product&#038;p=8708"},"modified":"2020-07-07T19:24:28","modified_gmt":"2020-07-07T17:24:28","slug":"huile-de-massage-colique-spasmodique-du-bebe","status":"publish","type":"product","link":"https:\/\/www.pharmacieparvais.com\/index.php\/product\/huile-de-massage-colique-spasmodique-du-bebe\/","title":{"rendered":"Huile de massage contre les coliques"},"content":{"rendered":"","protected":false},"excerpt":{"rendered":"<p><strong><span lang=\"FR\">Indication :<\/span><\/strong><span lang=\"FR\">\u00a0riche de 3 huiles essentielles et d&#8217;1 huile v\u00e9g\u00e9tale bio, elle apaise les coliques du nourrisson et du jeune enfant pr\u00e9sentant des crampes au ventre.<br \/>\n<strong>Posologie :<\/strong>\u00a0pour un b\u00e9b\u00e9 de 3 semaines \u00e0 3 mois appliquez 3 gouttes sur le ventre. Massez l\u00e9g\u00e8rement dans le sens horlogique. R\u00e9p\u00e9tez 2 \u00e0 3 fois par jour. A partir de l\u2019\u00e2ge de 3 mois, appliquez 3 \u00e0 6 gouttes trois \u00e0 quatre fois par jour et massez.<br \/>\n<strong>Pr\u00e9cautions d\u2019usage :<\/strong>\u00a0consultez le p\u00e9diatre si le probl\u00e8me persiste ou si d\u2019autres sympt\u00f4mes sont associ\u00e9s.<\/span><\/p>\n<p><span style=\"color: #ff0000;\"><strong>Usage Externe<\/strong><\/span><\/p>\n","protected":false},"featured_media":9568,"template":"","meta":[],"product_brand":[],"product_cat":[50,43],"product_tag":[],"class_list":{"0":"post-8708","1":"product","2":"type-product","3":"status-publish","4":"has-post-thumbnail","6":"product_cat-maman-bebe","7":"product_cat-preparations-pour-pathologies-diverses","9":"first","10":"instock","11":"shipping-taxable","12":"product-type-simple"},"_links":{"self":[{"href":"https:\/\/www.pharmacieparvais.com\/index.php\/wp-json\/wp\/v2\/product\/8708","targetHints":{"allow":["GET"]}}],"collection":[{"href":"https:\/\/www.pharmacieparvais.com\/index.php\/wp-json\/wp\/v2\/product"}],"about":[{"href":"https:\/\/www.pharmacieparvais.com\/index.php\/wp-json\/wp\/v2\/types\/product"}],"wp:featuredmedia":[{"embeddable":true,"href":"https:\/\/www.pharmacieparvais.com\/index.php\/wp-json\/wp\/v2\/media\/9568"}],"wp:attachment":[{"href":"https:\/\/www.pharmacieparvais.com\/index.php\/wp-json\/wp\/v2\/media?parent=8708"}],"wp:term":[{"taxonomy":"product_brand","embeddable":true,"href":"https:\/\/www.pharmacieparvais.com\/index.php\/wp-json\/wp\/v2\/product_brand?post=8708"},{"taxonomy":"product_cat","embeddable":true,"href":"https:\/\/www.pharmacieparvais.com\/index.php\/wp-json\/wp\/v2\/product_cat?post=8708"},{"taxonomy":"product_tag","embeddable":true,"href":"https:\/\/www.pharmacieparvais.com\/index.php\/wp-json\/wp\/v2\/product_tag?post=8708"}],"curies":[{"name":"wp","href":"https:\/\/api.w.org\/{rel}","templated":true}]}}