{"id":8321,"date":"2020-03-06T18:49:39","date_gmt":"2020-03-06T17:49:39","guid":{"rendered":"https:\/\/www.pharmacieparvais.com\/?post_type=product&#038;p=8321"},"modified":"2020-06-18T18:52:06","modified_gmt":"2020-06-18T16:52:06","slug":"acide-borique-paillettes","status":"publish","type":"product","link":"https:\/\/www.pharmacieparvais.com\/index.php\/product\/acide-borique-paillettes\/","title":{"rendered":"Acide borique en paillettes"},"content":{"rendered":"","protected":false},"excerpt":{"rendered":"<p><strong>Indication :<\/strong> emp\u00eache la transpiration excessive des pieds<\/p>\n<p><strong>Posologie :<\/strong>\u00a0appliquez tous les matins l&#8217;\u00e9quivalent d&#8217;une petite cuill\u00e8re \u00e0 caf\u00e9 dans les chaussettes ou chaussures, apr\u00e8s avoir lav\u00e9 et bien s\u00e9ch\u00e9 les pieds<\/p>\n<p><span style=\"color: #ff0000;\"><strong>Usage externe<\/strong><\/span><\/p>\n","protected":false},"featured_media":9385,"template":"","meta":[],"product_brand":[],"product_cat":[40],"product_tag":[],"class_list":{"0":"post-8321","1":"product","2":"type-product","3":"status-publish","4":"has-post-thumbnail","6":"product_cat-dermatologie","8":"first","9":"instock","10":"shipping-taxable","11":"product-type-simple"},"_links":{"self":[{"href":"https:\/\/www.pharmacieparvais.com\/index.php\/wp-json\/wp\/v2\/product\/8321","targetHints":{"allow":["GET"]}}],"collection":[{"href":"https:\/\/www.pharmacieparvais.com\/index.php\/wp-json\/wp\/v2\/product"}],"about":[{"href":"https:\/\/www.pharmacieparvais.com\/index.php\/wp-json\/wp\/v2\/types\/product"}],"wp:featuredmedia":[{"embeddable":true,"href":"https:\/\/www.pharmacieparvais.com\/index.php\/wp-json\/wp\/v2\/media\/9385"}],"wp:attachment":[{"href":"https:\/\/www.pharmacieparvais.com\/index.php\/wp-json\/wp\/v2\/media?parent=8321"}],"wp:term":[{"taxonomy":"product_brand","embeddable":true,"href":"https:\/\/www.pharmacieparvais.com\/index.php\/wp-json\/wp\/v2\/product_brand?post=8321"},{"taxonomy":"product_cat","embeddable":true,"href":"https:\/\/www.pharmacieparvais.com\/index.php\/wp-json\/wp\/v2\/product_cat?post=8321"},{"taxonomy":"product_tag","embeddable":true,"href":"https:\/\/www.pharmacieparvais.com\/index.php\/wp-json\/wp\/v2\/product_tag?post=8321"}],"curies":[{"name":"wp","href":"https:\/\/api.w.org\/{rel}","templated":true}]}}