{"id":8310,"date":"2020-03-06T18:42:51","date_gmt":"2020-03-06T17:42:51","guid":{"rendered":"https:\/\/www.pharmacieparvais.com\/?post_type=product&#038;p=8310"},"modified":"2020-07-21T20:45:22","modified_gmt":"2020-07-21T18:45:22","slug":"tisane-depurative-legerement-laxative-sur-demande","status":"publish","type":"product","link":"https:\/\/www.pharmacieparvais.com\/index.php\/product\/tisane-depurative-legerement-laxative-sur-demande\/","title":{"rendered":"Tisane d\u00e9purative l\u00e9g\u00e8rement laxative"},"content":{"rendered":"","protected":false},"excerpt":{"rendered":"<p><strong>Indication :<\/strong>\u00a0compos\u00e9e de 7 constituants aux vertus drainantes, elle est d\u00e9purative et stimule le transit intestinal.<\/p>\n<p><strong>Posologie :<\/strong>\u00a01 cuill\u00e8re \u00e0 soupe rase par tasse d\u2019eau bouillante. Faites bouillir 1 minute. Buvez 2 \u00e0 3 tasses par jour entre les repas.<\/p>\n<p><strong>Pr\u00e9cautions d\u2019usage<\/strong> : ne pas prendre plus d\u2019une semaine. Veillez \u00e0 boire au total 2 litres de boisson sur la journ\u00e9e pour renforcer l\u2019effet d\u00e9puratif.<\/p>\n<p><strong>Composition\u00a0<\/strong>: Anis vert fruits (Pimpinella anisum) \u2013 Artichaut feuilles (Cynara scolymus) \u2013 Frangule \u00e9corce (Rhamnus frangula) \u2013 Fucus algue (Fucus v\u00e9siculosus) \u2013 Fumeterre herbe (Fumaria officinalis) &#8211; Romarin herbe (Salvia rosmarinus) \u2013 Vigne rouge feuilles (Vitis vinifera)<\/p>\n","protected":false},"featured_media":9843,"template":"","meta":[],"product_brand":[],"product_cat":[46],"product_tag":[],"class_list":{"0":"post-8310","1":"product","2":"type-product","3":"status-publish","4":"has-post-thumbnail","6":"product_cat-tisanes","8":"first","9":"instock","10":"shipping-taxable","11":"product-type-simple"},"_links":{"self":[{"href":"https:\/\/www.pharmacieparvais.com\/index.php\/wp-json\/wp\/v2\/product\/8310","targetHints":{"allow":["GET"]}}],"collection":[{"href":"https:\/\/www.pharmacieparvais.com\/index.php\/wp-json\/wp\/v2\/product"}],"about":[{"href":"https:\/\/www.pharmacieparvais.com\/index.php\/wp-json\/wp\/v2\/types\/product"}],"wp:featuredmedia":[{"embeddable":true,"href":"https:\/\/www.pharmacieparvais.com\/index.php\/wp-json\/wp\/v2\/media\/9843"}],"wp:attachment":[{"href":"https:\/\/www.pharmacieparvais.com\/index.php\/wp-json\/wp\/v2\/media?parent=8310"}],"wp:term":[{"taxonomy":"product_brand","embeddable":true,"href":"https:\/\/www.pharmacieparvais.com\/index.php\/wp-json\/wp\/v2\/product_brand?post=8310"},{"taxonomy":"product_cat","embeddable":true,"href":"https:\/\/www.pharmacieparvais.com\/index.php\/wp-json\/wp\/v2\/product_cat?post=8310"},{"taxonomy":"product_tag","embeddable":true,"href":"https:\/\/www.pharmacieparvais.com\/index.php\/wp-json\/wp\/v2\/product_tag?post=8310"}],"curies":[{"name":"wp","href":"https:\/\/api.w.org\/{rel}","templated":true}]}}