{"id":8307,"date":"2020-03-06T18:38:13","date_gmt":"2020-03-06T17:38:13","guid":{"rendered":"https:\/\/www.pharmacieparvais.com\/?post_type=product&#038;p=8307"},"modified":"2020-07-21T20:50:09","modified_gmt":"2020-07-21T18:50:09","slug":"tisane-desalterante-et-digestive","status":"publish","type":"product","link":"https:\/\/www.pharmacieparvais.com\/index.php\/product\/tisane-desalterante-et-digestive\/","title":{"rendered":"Tisane d\u00e9salt\u00e9rante et digestive"},"content":{"rendered":"","protected":false},"excerpt":{"rendered":"<p><strong>Indication :<\/strong>\u00a0un m\u00e9lange de 8 esp\u00e8ces v\u00e9g\u00e9tales au go\u00fbt tr\u00e8s agr\u00e9able pour faciliter la digestion.<\/p>\n<p><strong>Posologie :<\/strong>\u00a01 cuill\u00e8re \u00e0 soupe pour une tasse d\u2019eau bouillante. Infusez 5 minutes. D\u00e9gustez 3 tasses par jour apr\u00e8s les repas. Elle peut aussi \u00eatre servie apr\u00e8s un repas festif et copieux\u2026<\/p>\n<p><strong>Pr\u00e9cautions d\u2019usage :<\/strong>\u00a0si les probl\u00e8mes digestifs persistent plus d\u2019une semaine, contactez le m\u00e9decin.<\/p>\n<p><strong>Composition<\/strong>\u00a0: Basilic herbe (Ocimum basilicum) \u2013 Camomille allemande (Matricaria recutita) \u2013 Mauve fleurs (Malva sylvestris) \u2013 M\u00e9lisse feuilles (Melissa officinalis) \u2013 menthe feuilles (mentha spicata) \u2013 Oranger boutons (Citrus aurantium var. Amara) \u2013 R\u00e9glisse racines (Glycyrrhiza glabra) &#8211; Tilleul de Carpentras fleurs (Tiliae cordata flos Carpentras)<\/p>\n","protected":false},"featured_media":9846,"template":"","meta":[],"product_brand":[],"product_cat":[46],"product_tag":[],"class_list":{"0":"post-8307","1":"product","2":"type-product","3":"status-publish","4":"has-post-thumbnail","6":"product_cat-tisanes","8":"first","9":"instock","10":"shipping-taxable","11":"product-type-simple"},"_links":{"self":[{"href":"https:\/\/www.pharmacieparvais.com\/index.php\/wp-json\/wp\/v2\/product\/8307","targetHints":{"allow":["GET"]}}],"collection":[{"href":"https:\/\/www.pharmacieparvais.com\/index.php\/wp-json\/wp\/v2\/product"}],"about":[{"href":"https:\/\/www.pharmacieparvais.com\/index.php\/wp-json\/wp\/v2\/types\/product"}],"wp:featuredmedia":[{"embeddable":true,"href":"https:\/\/www.pharmacieparvais.com\/index.php\/wp-json\/wp\/v2\/media\/9846"}],"wp:attachment":[{"href":"https:\/\/www.pharmacieparvais.com\/index.php\/wp-json\/wp\/v2\/media?parent=8307"}],"wp:term":[{"taxonomy":"product_brand","embeddable":true,"href":"https:\/\/www.pharmacieparvais.com\/index.php\/wp-json\/wp\/v2\/product_brand?post=8307"},{"taxonomy":"product_cat","embeddable":true,"href":"https:\/\/www.pharmacieparvais.com\/index.php\/wp-json\/wp\/v2\/product_cat?post=8307"},{"taxonomy":"product_tag","embeddable":true,"href":"https:\/\/www.pharmacieparvais.com\/index.php\/wp-json\/wp\/v2\/product_tag?post=8307"}],"curies":[{"name":"wp","href":"https:\/\/api.w.org\/{rel}","templated":true}]}}