{"id":9487,"date":"2020-06-20T14:49:34","date_gmt":"2020-06-20T12:49:34","guid":{"rendered":"https:\/\/www.pharmacieparvais.com\/?page_id=9487"},"modified":"2020-08-27T17:56:34","modified_gmt":"2020-08-27T15:56:34","slug":"phytotherapie","status":"publish","type":"page","link":"https:\/\/www.pharmacieparvais.com\/index.php\/nos-specialites\/phytotherapie\/","title":{"rendered":"Hom\u00e9opathie"},"content":{"rendered":"<div id=\"pl-9487\"  class=\"panel-layout\" ><div id=\"pg-9487-0\"  class=\"panel-grid panel-no-style\" ><div id=\"pgc-9487-0-0\"  class=\"panel-grid-cell\" ><div id=\"panel-9487-0-0-0\" class=\"so-panel widget widget_sow-editor panel-first-child panel-last-child\" data-index=\"0\" ><div\n\t\t\t\n\t\t\tclass=\"so-widget-sow-editor so-widget-sow-editor-base\"\n\t\t\t\n\t\t>\n<div class=\"siteorigin-widget-tinymce textwidget\">\n\t<p>Equip\u00e9e de son propre laboratoire hom\u00e9opathique depuis plus de 35 ans, notre officine est en mesure de r\u00e9aliser <span lang=\"FR\">de nombreux granules et cures<\/span>\u00a0hom\u00e9opathiques au d\u00e9part des 200\u00a0souches\u00a0originelles dont nous disposons, chacune dans 30 dilutions diff\u00e9rentes.<\/p>\n<p><span style=\"color: #5fb844;\"><strong>Nous avons \u00e9galement en stock plus de 500 tubes de granules \"de r\u00e9f\u00e9rence\" \u00e0 prix labo.<\/strong><\/span><\/p>\n<p>&nbsp;<\/p>\n<\/div>\n<\/div><\/div><\/div><\/div><\/div>","protected":false},"excerpt":{"rendered":"<p>Equip\u00e9e de son propre laboratoire hom\u00e9opathique depuis plus de 35 ans, notre officine est en mesure de r\u00e9aliser de nombreux granules et cures\u00a0hom\u00e9opathiques au d\u00e9part des 200\u00a0souches\u00a0originelles dont nous disposons, chacune dans 30 dilutions diff\u00e9rentes. Nous avons \u00e9galement en stock plus de 500 tubes de granules &#8220;de r\u00e9f\u00e9rence&#8221; \u00e0 prix labo. &nbsp;<\/p>\n","protected":false},"author":1,"featured_media":9852,"parent":9471,"menu_order":0,"comment_status":"closed","ping_status":"closed","template":"","meta":{"footnotes":""},"class_list":["post-9487","page","type-page","status-publish","has-post-thumbnail","hentry"],"_links":{"self":[{"href":"https:\/\/www.pharmacieparvais.com\/index.php\/wp-json\/wp\/v2\/pages\/9487","targetHints":{"allow":["GET"]}}],"collection":[{"href":"https:\/\/www.pharmacieparvais.com\/index.php\/wp-json\/wp\/v2\/pages"}],"about":[{"href":"https:\/\/www.pharmacieparvais.com\/index.php\/wp-json\/wp\/v2\/types\/page"}],"author":[{"embeddable":true,"href":"https:\/\/www.pharmacieparvais.com\/index.php\/wp-json\/wp\/v2\/users\/1"}],"replies":[{"embeddable":true,"href":"https:\/\/www.pharmacieparvais.com\/index.php\/wp-json\/wp\/v2\/comments?post=9487"}],"version-history":[{"count":10,"href":"https:\/\/www.pharmacieparvais.com\/index.php\/wp-json\/wp\/v2\/pages\/9487\/revisions"}],"predecessor-version":[{"id":9940,"href":"https:\/\/www.pharmacieparvais.com\/index.php\/wp-json\/wp\/v2\/pages\/9487\/revisions\/9940"}],"up":[{"embeddable":true,"href":"https:\/\/www.pharmacieparvais.com\/index.php\/wp-json\/wp\/v2\/pages\/9471"}],"wp:featuredmedia":[{"embeddable":true,"href":"https:\/\/www.pharmacieparvais.com\/index.php\/wp-json\/wp\/v2\/media\/9852"}],"wp:attachment":[{"href":"https:\/\/www.pharmacieparvais.com\/index.php\/wp-json\/wp\/v2\/media?parent=9487"}],"curies":[{"name":"wp","href":"https:\/\/api.w.org\/{rel}","templated":true}]}}