{"id":9023,"date":"2020-05-28T20:38:24","date_gmt":"2020-05-28T18:38:24","guid":{"rendered":"https:\/\/www.pharmacieparvais.com\/?page_id=9023"},"modified":"2020-07-19T20:42:09","modified_gmt":"2020-07-19T18:42:09","slug":"livraison","status":"publish","type":"page","link":"https:\/\/www.pharmacieparvais.com\/index.php\/services\/livraison\/","title":{"rendered":"Livraisons"},"content":{"rendered":"<div id=\"pl-9023\"  class=\"panel-layout\" ><div id=\"pg-9023-0\"  class=\"panel-grid panel-no-style\" ><div id=\"pgc-9023-0-0\"  class=\"panel-grid-cell\" ><div id=\"panel-9023-0-0-0\" class=\"so-panel widget widget_sow-editor panel-first-child panel-last-child\" data-index=\"0\" ><div\n\t\t\t\n\t\t\tclass=\"so-widget-sow-editor so-widget-sow-editor-base\"\n\t\t\t\n\t\t>\n<div class=\"siteorigin-widget-tinymce textwidget\">\n\t<p><strong>Nos trois engagements\u00a0:<\/strong><\/p>\n<p>\u2705 Sur demande de votre m\u00e9decin et d\u00e8s r\u00e9ception de l'ordonnance, nous pouvons vous livrer, dans la journ\u00e9e sur Braine-l\u2019Alleud, Ophain, Lillois et Wauthier-Braine, les m\u00e9dicaments urgents n\u00e9cessaires \u00e0 votre traitement.<\/p>\n<p>\u2705 Si lors d\u2019une visite \u00e0 la pharmacie, nous n\u2019avons pas en stock le produit que vous souhaitez, nous vous invitons \u00e0 le r\u00e9server et \u00e0 le payer. Ensuite deux possibilit\u00e9s s'offrent \u00e0 vous :<\/p>\n<ul>\n<li>Vous le r\u00e9cup\u00e9rez via notre guichet de garde ext\u00e9rieur coupe-file \"retrait r\u00e9serv\u00e9s-pay\u00e9s\" pour vous \u00e9viter un temps d'attente \u00e9ventuel<\/li>\n<li>Nous pouvons le d\u00e9poser chez vous si vous \u00e9prouvez des probl\u00e8mes pour vous d\u00e9placer.<\/li>\n<\/ul>\n<p>\u2705 Lorsqu\u2019un produit est manquant chez nos fournisseurs, nous mettons tout en \u0153uvre via notre r\u00e9seau d\u2019\u00e9changes entre pharmaciens pour vous d\u00e9panner au plus vite. Dans ce cas, nous pouvons \u00e9galement vous le d\u00e9poser si vous le souhaitez.<\/p>\n<p>Nous vous livrons, avec les conseils appropri\u00e9s, en toute connaissance de votre situation de sant\u00e9.<\/p>\n<p>Si apr\u00e8s r\u00e9ception de votre commande, vous avez la moindre question ou le moindre doute, n'h\u00e9sitez pas \u00e0 nous contacter, nous restons \u00e0 votre enti\u00e8re disposition.<\/p>\n<\/div>\n<\/div><\/div><\/div><\/div><\/div>","protected":false},"excerpt":{"rendered":"<p>Nos trois engagements\u00a0: \u2705 Sur demande de votre m\u00e9decin et d\u00e8s r\u00e9ception de l&#8217;ordonnance, nous pouvons vous livrer, dans la journ\u00e9e sur Braine-l\u2019Alleud, Ophain, Lillois et Wauthier-Braine, les m\u00e9dicaments urgents n\u00e9cessaires \u00e0 votre traitement. \u2705 Si lors d\u2019une visite \u00e0 la pharmacie, nous n\u2019avons pas en stock le produit que vous souhaitez, nous vous invitons [&hellip;]<\/p>\n","protected":false},"author":1,"featured_media":9628,"parent":110,"menu_order":0,"comment_status":"closed","ping_status":"closed","template":"","meta":{"footnotes":""},"class_list":["post-9023","page","type-page","status-publish","has-post-thumbnail","hentry"],"_links":{"self":[{"href":"https:\/\/www.pharmacieparvais.com\/index.php\/wp-json\/wp\/v2\/pages\/9023","targetHints":{"allow":["GET"]}}],"collection":[{"href":"https:\/\/www.pharmacieparvais.com\/index.php\/wp-json\/wp\/v2\/pages"}],"about":[{"href":"https:\/\/www.pharmacieparvais.com\/index.php\/wp-json\/wp\/v2\/types\/page"}],"author":[{"embeddable":true,"href":"https:\/\/www.pharmacieparvais.com\/index.php\/wp-json\/wp\/v2\/users\/1"}],"replies":[{"embeddable":true,"href":"https:\/\/www.pharmacieparvais.com\/index.php\/wp-json\/wp\/v2\/comments?post=9023"}],"version-history":[{"count":15,"href":"https:\/\/www.pharmacieparvais.com\/index.php\/wp-json\/wp\/v2\/pages\/9023\/revisions"}],"predecessor-version":[{"id":9733,"href":"https:\/\/www.pharmacieparvais.com\/index.php\/wp-json\/wp\/v2\/pages\/9023\/revisions\/9733"}],"up":[{"embeddable":true,"href":"https:\/\/www.pharmacieparvais.com\/index.php\/wp-json\/wp\/v2\/pages\/110"}],"wp:featuredmedia":[{"embeddable":true,"href":"https:\/\/www.pharmacieparvais.com\/index.php\/wp-json\/wp\/v2\/media\/9628"}],"wp:attachment":[{"href":"https:\/\/www.pharmacieparvais.com\/index.php\/wp-json\/wp\/v2\/media?parent=9023"}],"curies":[{"name":"wp","href":"https:\/\/api.w.org\/{rel}","templated":true}]}}