{"id":8179,"date":"2020-02-23T19:01:29","date_gmt":"2020-02-23T18:01:29","guid":{"rendered":"http:\/\/testpharmacieparvais.mimaandcs.be\/?page_id=8179"},"modified":"2025-05-02T16:12:18","modified_gmt":"2025-05-02T14:12:18","slug":"bibliotheque-conseillotheque","status":"publish","type":"page","link":"https:\/\/www.pharmacieparvais.com\/index.php\/bibliotheque-conseillotheque\/","title":{"rendered":"Biblioth\u00e8que\/Conseilloth\u00e8que"},"content":{"rendered":"<div id=\"pl-8179\"  class=\"panel-layout\" ><div id=\"pg-8179-0\"  class=\"panel-grid panel-no-style\" ><div id=\"pgc-8179-0-0\"  class=\"panel-grid-cell\" ><div id=\"panel-8179-0-0-0\" class=\"so-panel widget widget_qt_feature_page widget-featured-page panel-first-child panel-last-child\" data-index=\"0\" >\n\t\t\t<div class=\"featured-page\">\n\t\t\t\t\t\t\t\t\t<div class=\"featured-page--image\">\n\t\t\t\t\t\t<a href=\"https:\/\/www.pharmacieparvais.com\/index.php\/bibliotheque-conseillotheque\/lurticaire\/\">\n\t\t\t\t\t\t\t<img loading=\"lazy\" decoding=\"async\" src=\"https:\/\/www.pharmacieparvais.com\/wp-content\/uploads\/2020\/06\/urticaire-1-360x240.jpg\" width=\"360\" height=\"240\" srcset=\"https:\/\/www.pharmacieparvais.com\/wp-content\/uploads\/2020\/06\/urticaire-1-360x240.jpg 360w, https:\/\/www.pharmacieparvais.com\/wp-content\/uploads\/2020\/06\/urticaire-1.jpg 800w\" sizes=\"auto, (min-width: 781px) 360px, calc(100vw - 30px)\" alt=\"L&#039;urticaire\">\n\t\t\t\t\t\t\t<div class=\"featured-page--overlay\">\n\t\t\t\t\t\t\t\t\t\t\t\t\t\t\t\t\t<div class=\"overlay--center\">\n\t\t\t\t\t\t\t\t\t\t<span>Lire plus<\/span>\n\t\t\t\t\t\t\t\t\t<\/div>\n\t\t\t\t\t\t\t\t\t\t\t\t\t\t\t<\/div>\n\t\t\t\t\t\t<\/a>\n\t\t\t\t\t<\/div>\n\t\t\t\t\t\t\t\t<div class=\"featured-page--content\">\n\t\t\t\t\t<h4 class=\"featued-page--title\">\n\t\t\t\t\t\t<a href=\"https:\/\/www.pharmacieparvais.com\/index.php\/bibliotheque-conseillotheque\/lurticaire\/\">L&#039;urticaire<\/a>\n\t\t\t\t\t<\/h4>\n\t\t\t\t\t\t\t\t\t\t\t<p>Qu&#039;est-ce l&#039;urticaire?<\/p>\n\t\t\t\t\t\t\t\t\t\t\t\t\t<a href=\"https:\/\/www.pharmacieparvais.com\/index.php\/bibliotheque-conseillotheque\/lurticaire\/\" class=\"text-link\">Lire plus<\/a>\n\t\t\t\t\t\t\t\t\t\t\t\t\t\t\t<\/div>\n\t\t\t<\/div>\n\n\t\t\t<\/div><\/div><div id=\"pgc-8179-0-1\"  class=\"panel-grid-cell\" ><div id=\"panel-8179-0-1-0\" class=\"so-panel widget widget_qt_feature_page widget-featured-page panel-first-child panel-last-child\" data-index=\"1\" >\n\t\t\t<div class=\"featured-page\">\n\t\t\t\t\t\t\t\t\t<div class=\"featured-page--image\">\n\t\t\t\t\t\t<a href=\"https:\/\/www.pharmacieparvais.com\/index.php\/bibliotheque-conseillotheque\/puces-co\/\">\n\t\t\t\t\t\t\t<img loading=\"lazy\" decoding=\"async\" src=\"https:\/\/www.pharmacieparvais.com\/wp-content\/uploads\/2020\/07\/puce-800-533-360x240.jpg\" width=\"360\" height=\"240\" srcset=\"https:\/\/www.pharmacieparvais.com\/wp-content\/uploads\/2020\/07\/puce-800-533-360x240.jpg 360w, https:\/\/www.pharmacieparvais.com\/wp-content\/uploads\/2020\/07\/puce-800-533.jpg 800w\" sizes=\"auto, (min-width: 781px) 360px, calc(100vw - 30px)\" alt=\"Puces\">\n\t\t\t\t\t\t\t<div class=\"featured-page--overlay\">\n\t\t\t\t\t\t\t\t\t\t\t\t\t\t\t\t\t<div class=\"overlay--center\">\n\t\t\t\t\t\t\t\t\t\t<span>Lire plus<\/span>\n\t\t\t\t\t\t\t\t\t<\/div>\n\t\t\t\t\t\t\t\t\t\t\t\t\t\t\t<\/div>\n\t\t\t\t\t\t<\/a>\n\t\t\t\t\t<\/div>\n\t\t\t\t\t\t\t\t<div class=\"featured-page--content\">\n\t\t\t\t\t<h4 class=\"featued-page--title\">\n\t\t\t\t\t\t<a href=\"https:\/\/www.pharmacieparvais.com\/index.php\/bibliotheque-conseillotheque\/puces-co\/\">Puces<\/a>\n\t\t\t\t\t<\/h4>\n\t\t\t\t\t\t\t\t\t\t\t<p>ou comment presque tout savoir sur ces parasites pour aider nos animaux de compagnie \u00e0 ne plus en \u00eatre infest\u00e9s.<\/p>\n\t\t\t\t\t\t\t\t\t\t\t\t\t<a href=\"https:\/\/www.pharmacieparvais.com\/index.php\/bibliotheque-conseillotheque\/puces-co\/\" class=\"text-link\">Lire plus<\/a>\n\t\t\t\t\t\t\t\t\t\t\t\t\t\t\t<\/div>\n\t\t\t<\/div>\n\n\t\t\t<\/div><\/div><div id=\"pgc-8179-0-2\"  class=\"panel-grid-cell\" ><div id=\"panel-8179-0-2-0\" class=\"so-panel widget widget_qt_feature_page widget-featured-page panel-first-child panel-last-child\" data-index=\"2\" >\n\t\t\t<div class=\"featured-page\">\n\t\t\t\t\t\t\t\t\t<div class=\"featured-page--image\">\n\t\t\t\t\t\t<a href=\"https:\/\/www.pharmacieparvais.com\/index.php\/bibliotheque-conseillotheque\/la-rhinite-allergique-intermittente\/\">\n\t\t\t\t\t\t\t<img loading=\"lazy\" decoding=\"async\" src=\"https:\/\/www.pharmacieparvais.com\/wp-content\/uploads\/2020\/07\/ORL-300x240.jpg\" width=\"300\" height=\"240\" srcset=\"https:\/\/www.pharmacieparvais.com\/wp-content\/uploads\/2020\/07\/ORL-300x240.jpg 300w, https:\/\/www.pharmacieparvais.com\/wp-content\/uploads\/2020\/07\/ORL.jpg 300w\" sizes=\"auto, (min-width: 781px) 360px, calc(100vw - 30px)\" alt=\"La Rhinite Allergique Intermittente\">\n\t\t\t\t\t\t\t<div class=\"featured-page--overlay\">\n\t\t\t\t\t\t\t\t\t\t\t\t\t\t\t\t\t<div class=\"overlay--center\">\n\t\t\t\t\t\t\t\t\t\t<span>Lire plus<\/span>\n\t\t\t\t\t\t\t\t\t<\/div>\n\t\t\t\t\t\t\t\t\t\t\t\t\t\t\t<\/div>\n\t\t\t\t\t\t<\/a>\n\t\t\t\t\t<\/div>\n\t\t\t\t\t\t\t\t<div class=\"featured-page--content\">\n\t\t\t\t\t<h4 class=\"featued-page--title\">\n\t\t\t\t\t\t<a href=\"https:\/\/www.pharmacieparvais.com\/index.php\/bibliotheque-conseillotheque\/la-rhinite-allergique-intermittente\/\">La Rhinite Allergique Intermittente<\/a>\n\t\t\t\t\t<\/h4>\n\t\t\t\t\t\t\t\t\t\t\t<p>Au printemps, vous avez le nez qui coule, vous \u00e9ternuez sans arr\u00eat, vos yeux chatouillent ? <\/p>\n\t\t\t\t\t\t\t\t\t\t\t\t\t<a href=\"https:\/\/www.pharmacieparvais.com\/index.php\/bibliotheque-conseillotheque\/la-rhinite-allergique-intermittente\/\" class=\"text-link\">Lire plus<\/a>\n\t\t\t\t\t\t\t\t\t\t\t\t\t\t\t<\/div>\n\t\t\t<\/div>\n\n\t\t\t<\/div><\/div><\/div><\/div>","protected":false},"excerpt":{"rendered":"<p>Retrouvez notre biblioth\u00e8que de conseils : pathologies courantes, astuces, th\u00e9matiques saisonni\u00e8res &#8230;<\/p>\n","protected":false},"author":1,"featured_media":9854,"parent":0,"menu_order":0,"comment_status":"closed","ping_status":"closed","template":"","meta":{"footnotes":""},"class_list":["post-8179","page","type-page","status-publish","has-post-thumbnail","hentry"],"_links":{"self":[{"href":"https:\/\/www.pharmacieparvais.com\/index.php\/wp-json\/wp\/v2\/pages\/8179","targetHints":{"allow":["GET"]}}],"collection":[{"href":"https:\/\/www.pharmacieparvais.com\/index.php\/wp-json\/wp\/v2\/pages"}],"about":[{"href":"https:\/\/www.pharmacieparvais.com\/index.php\/wp-json\/wp\/v2\/types\/page"}],"author":[{"embeddable":true,"href":"https:\/\/www.pharmacieparvais.com\/index.php\/wp-json\/wp\/v2\/users\/1"}],"replies":[{"embeddable":true,"href":"https:\/\/www.pharmacieparvais.com\/index.php\/wp-json\/wp\/v2\/comments?post=8179"}],"version-history":[{"count":62,"href":"https:\/\/www.pharmacieparvais.com\/index.php\/wp-json\/wp\/v2\/pages\/8179\/revisions"}],"predecessor-version":[{"id":10240,"href":"https:\/\/www.pharmacieparvais.com\/index.php\/wp-json\/wp\/v2\/pages\/8179\/revisions\/10240"}],"wp:featuredmedia":[{"embeddable":true,"href":"https:\/\/www.pharmacieparvais.com\/index.php\/wp-json\/wp\/v2\/media\/9854"}],"wp:attachment":[{"href":"https:\/\/www.pharmacieparvais.com\/index.php\/wp-json\/wp\/v2\/media?parent=8179"}],"curies":[{"name":"wp","href":"https:\/\/api.w.org\/{rel}","templated":true}]}}