{"id":8038,"date":"2020-02-21T22:11:12","date_gmt":"2020-02-21T21:11:12","guid":{"rendered":"http:\/\/testpharmacieparvais.mimaandcs.be\/?page_id=8038"},"modified":"2020-08-27T17:54:25","modified_gmt":"2020-08-27T15:54:25","slug":"notre-equipe","status":"publish","type":"page","link":"https:\/\/www.pharmacieparvais.com\/index.php\/notre-equipe\/","title":{"rendered":"Notre Philosophie"},"content":{"rendered":"<div id=\"pl-8038\"  class=\"panel-layout\" ><div id=\"pg-8038-0\"  class=\"panel-grid panel-no-style\" ><div id=\"pgc-8038-0-0\"  class=\"panel-grid-cell\" ><div id=\"panel-8038-0-0-0\" class=\"so-panel widget widget_sow-editor panel-first-child panel-last-child\" data-index=\"0\" ><div\n\t\t\t\n\t\t\tclass=\"so-widget-sow-editor so-widget-sow-editor-base\"\n\t\t\t\n\t\t>\n<div class=\"siteorigin-widget-tinymce textwidget\">\n\t<p><span style=\"color: #5fb800;\"><strong><u>Notre Histoire<\/u><\/strong><\/span><\/p>\n<p>L\u2019histoire de la Pharmacie Parvais d\u00e9bute en 1971.<\/p>\n<p>Nos parents, Claude et Christiane Parvais, reprennent alors l\u2019officine du pharmacien Jean Rochet, situ\u00e9e au 17 de la Place du Quartier Saint-Jacques \u00e0 Braine-l\u2019Alleud.<\/p>\n<p>Tr\u00e8s rapidement ax\u00e9s sur la phytoth\u00e9rapie et les m\u00e9decines naturelles, ils placent la sant\u00e9 du patient au centre de leurs priorit\u00e9s relationnelles et professionnelles.<\/p>\n<p>En 1992, l\u2019officine d\u00e9m\u00e9nage de quelques m\u00e8tres, au num\u00e9ro 22, dans un nouveau b\u00e2timent. Un laboratoire pour les pr\u00e9parations hom\u00e9opathiques ainsi qu\u2019un local pour les tisanes compl\u00e8tent des espaces de travail fonctionnels et sp\u00e9cifiques o\u00f9 sont r\u00e9alis\u00e9es les pr\u00e9parations magistrales prescrites par le corps m\u00e9dical et les 150 pr\u00e9parations \u00ab maison \u00bb.<\/p>\n<p>En 1995,\u00a0Olivier Parvais rejoint la pharmacie familiale suivi en 2000 par sa s\u0153ur Marie.<\/p>\n<p>Ensemble, avec notre \u00e9quipe pluridisciplinaire, nous perp\u00e9tuons les valeurs scientifiques et humaines de nos parents pour relever les d\u00e9fis actuels de la M\u00e9decine et du Bien-Etre.<\/p>\n<p><span style=\"color: #5fb800;\"><strong><u>Notre Philosophie<\/u><\/strong><\/span><\/p>\n<p>Depuis la cr\u00e9ation de la pharmacie, nous avons choisi une ligne directrice sp\u00e9cifique, associant rigueur professionnelle et conseils personnalis\u00e9s. Nous mettons l\u2019accent majoritairement sur les th\u00e9rapies \u00e0 base de composants naturels de qualit\u00e9 certifi\u00e9e, dont les effets sont valid\u00e9s scientifiquement et en ad\u00e9quation avec vos traitements actuels.<\/p>\n<p>Nos connaissances en phytoth\u00e9rapie et aromath\u00e9rapie, en continuelle \u00e9volution, nous permettent de vous proposer des traitements innovants, en appui d\u2019une m\u00e9dication plus conventionnelle.<\/p>\n<p>D\u00e9velopper des pr\u00e9parations \u00ab\u00a0maison\u00a0\u00bb \u00e0 prix comp\u00e9titif et de qualit\u00e9 irr\u00e9prochable est l\u2019alternative que nous avons choisie pour exercer au mieux notre Art Pharmaceutique, trop souvent soumis \u00e0 la pression \u00e9crasante des laboratoires pharmaceutiques.<\/p>\n<p>Nous n\u2019adh\u00e9rons pas aux \u00ab\u00a0coups de marketing\u00a0\u00bb non valid\u00e9s scientifiquement, nous ne conseillons pas de produit \u00e0 l\u2019efficacit\u00e9 douteuse et nous recherchons toujours l\u2019alternative offrant le meilleur rapport qualit\u00e9\/prix.<\/p>\n<p>Notre cheval de bataille est d\u2019apporter une solution \u00e0 tout probl\u00e8me m\u00e9dical du ressort du pharmacien et de mettre tout en \u0153uvre pour y parvenir. Nous r\u00e9fl\u00e9chissons sans cesse, en concertation multidisciplinaire au sein de l\u2019\u00e9quipe et avec des experts externes, pour trouver des solutions innovantes, pratiques et \u00e9conomiques, qui permettent de r\u00e9pondre \u00e0 des besoins sp\u00e9cifiques tels que l\u2019accompagnement pour la r\u00e9alisation pertinente de votre trousse familiale d\u2019urgence, votre trousse m\u00e9dicale de vacances, votre trousse maternit\u00e9 ...<\/p>\n<p>Soigner c\u2019est aussi \u00eatre disponible\u00a0: nous prenons le temps n\u00e9cessaire pour vous expliquer au mieux les traitements prescrits et nous sommes \u00e0 votre disposition pour vous soutenir en toutes circonstances comme vous livrer \u00e0 domicile si besoin.<\/p>\n<p><span style=\"color: #5fb800; font-size: 21px;\"><strong>La Pharmacie Parvais, depuis pr\u00e8s de 50 ans au service de votre sant\u00e9<\/strong><\/span><\/p>\n<p><span style=\"color: #5fb800;\"><strong><u>Notre Equipe<\/u><\/strong><\/span><\/p>\n<p><img loading=\"lazy\" decoding=\"async\" class=\"alignnone wp-image-9698 \" src=\"https:\/\/testpharmacieparvais.mimaandcs.be\/wp-content\/uploads\/2020\/07\/equipe-site.jpg\" alt=\"\" width=\"752\" height=\"390\" srcset=\"https:\/\/www.pharmacieparvais.com\/wp-content\/uploads\/2020\/07\/equipe-site.jpg 850w, https:\/\/www.pharmacieparvais.com\/wp-content\/uploads\/2020\/07\/equipe-site-300x156.jpg 300w, https:\/\/www.pharmacieparvais.com\/wp-content\/uploads\/2020\/07\/equipe-site-768x398.jpg 768w, https:\/\/www.pharmacieparvais.com\/wp-content\/uploads\/2020\/07\/equipe-site-848x441.jpg 848w, https:\/\/www.pharmacieparvais.com\/wp-content\/uploads\/2020\/07\/equipe-site-600x311.jpg 600w\" sizes=\"auto, (max-width: 752px) 100vw, 752px\" \/><\/p>\n<p><strong>(de gauche \u00e0 droite) :<\/strong><\/p>\n<p style=\"padding-left: 40px;\">Val\u00e9rie Denys : assistante en pharmacie - \ud83c\uddf3\ud83c\uddf1<\/p>\n<p style=\"padding-left: 40px;\">Eve Gomet : assistante en pharmacie<\/p>\n<p style=\"padding-left: 40px;\">Marie Parvais : pharmacienne - \ud83c\uddec\ud83c\udde7 - \ud83c\uddea\ud83c\uddf8<\/p>\n<p style=\"padding-left: 40px;\">St\u00e9phanie de Cartier : pharmacienne - \ud83c\uddec\ud83c\udde7 - \ud83c\uddf3\ud83c\uddf1<\/p>\n<p style=\"padding-left: 40px;\">Olivier Parvais : pharmacien - \ud83c\uddec\ud83c\udde7<\/p>\n<p style=\"padding-left: 40px;\">Marianne Baligant : assistante en pharmacie<\/p>\n<p style=\"padding-left: 40px;\">Sylvie Delferri\u00e8re : gestion et communication - \ud83c\uddec\ud83c\udde7<\/p>\n<p style=\"padding-left: 40px;\">Martine Vlassembrouck : pharmacienne - \ud83c\uddec\ud83c\udde7 - \ud83c\uddea\ud83c\uddf8 - \ud83c\uddf3\ud83c\uddf1<\/p>\n<p><span style=\"font-size: 18px; color: #5fb800;\"><strong>Une \u00e9quipe dynamique au service de votre SANTE.<\/strong><\/span><\/p>\n<p>&nbsp;<\/p>\n<\/div>\n<\/div><\/div><\/div><\/div><\/div>","protected":false},"excerpt":{"rendered":"<p>Une \u00e9quipe de Pharmacien professionnel \u00e0 votre \u00e9coute, pour r\u00e9pondre au mieux \u00e0 vos besoins.<\/p>\n","protected":false},"author":1,"featured_media":8461,"parent":0,"menu_order":0,"comment_status":"closed","ping_status":"closed","template":"","meta":{"footnotes":""},"class_list":["post-8038","page","type-page","status-publish","has-post-thumbnail","hentry"],"_links":{"self":[{"href":"https:\/\/www.pharmacieparvais.com\/index.php\/wp-json\/wp\/v2\/pages\/8038","targetHints":{"allow":["GET"]}}],"collection":[{"href":"https:\/\/www.pharmacieparvais.com\/index.php\/wp-json\/wp\/v2\/pages"}],"about":[{"href":"https:\/\/www.pharmacieparvais.com\/index.php\/wp-json\/wp\/v2\/types\/page"}],"author":[{"embeddable":true,"href":"https:\/\/www.pharmacieparvais.com\/index.php\/wp-json\/wp\/v2\/users\/1"}],"replies":[{"embeddable":true,"href":"https:\/\/www.pharmacieparvais.com\/index.php\/wp-json\/wp\/v2\/comments?post=8038"}],"version-history":[{"count":39,"href":"https:\/\/www.pharmacieparvais.com\/index.php\/wp-json\/wp\/v2\/pages\/8038\/revisions"}],"predecessor-version":[{"id":9939,"href":"https:\/\/www.pharmacieparvais.com\/index.php\/wp-json\/wp\/v2\/pages\/8038\/revisions\/9939"}],"wp:featuredmedia":[{"embeddable":true,"href":"https:\/\/www.pharmacieparvais.com\/index.php\/wp-json\/wp\/v2\/media\/8461"}],"wp:attachment":[{"href":"https:\/\/www.pharmacieparvais.com\/index.php\/wp-json\/wp\/v2\/media?parent=8038"}],"curies":[{"name":"wp","href":"https:\/\/api.w.org\/{rel}","templated":true}]}}

<div id="pl-8038"  class="panel-layout" ><div id="pg-8038-0"  class="panel-grid panel-no-style" ><div id="pgc-8038-0-0"  class="panel-grid-cell" ><div id="panel-8038-0-0-0" class="so-panel widget widget_sow-editor panel-first-child panel-last-child" data-index="0" ><div
			
			class="so-widget-sow-editor so-widget-sow-editor-base"
			
		>
<div class="siteorigin-widget-tinymce textwidget">
	<p><span style="color: #5fb800;"><strong><u>Notre Histoire</u></strong></span></p>
<p>L’histoire de la Pharmacie Parvais débute en 1971.</p>
<p>Nos parents, Claude et Christiane Parvais, reprennent alors l’officine du pharmacien Jean Rochet, située au 17 de la Place du Quartier Saint-Jacques à Braine-l’Alleud.</p>
<p>Très rapidement axés sur la phytothérapie et les médecines naturelles, ils placent la santé du patient au centre de leurs priorités relationnelles et professionnelles.</p>
<p>En 1992, l’officine déménage de quelques mètres, au numéro 22, dans un nouveau bâtiment. Un laboratoire pour les préparations homéopathiques ainsi qu’un local pour les tisanes complètent des espaces de travail fonctionnels et spécifiques où sont réalisées les préparations magistrales prescrites par le corps médical et les 150 préparations « maison ».</p>
<p>En 1995, Olivier Parvais rejoint la pharmacie familiale suivi en 2000 par sa sœur Marie.</p>
<p>Ensemble, avec notre équipe pluridisciplinaire, nous perpétuons les valeurs scientifiques et humaines de nos parents pour relever les défis actuels de la Médecine et du Bien-Etre.</p>
<p><span style="color: #5fb800;"><strong><u>Notre Philosophie</u></strong></span></p>
<p>Depuis la création de la pharmacie, nous avons choisi une ligne directrice spécifique, associant rigueur professionnelle et conseils personnalisés. Nous mettons l’accent majoritairement sur les thérapies à base de composants naturels de qualité certifiée, dont les effets sont validés scientifiquement et en adéquation avec vos traitements actuels.</p>
<p>Nos connaissances en phytothérapie et aromathérapie, en continuelle évolution, nous permettent de vous proposer des traitements innovants, en appui d’une médication plus conventionnelle.</p>
<p>Développer des préparations « maison » à prix compétitif et de qualité irréprochable est l’alternative que nous avons choisie pour exercer au mieux notre Art Pharmaceutique, trop souvent soumis à la pression écrasante des laboratoires pharmaceutiques.</p>
<p>Nous n’adhérons pas aux « coups de marketing » non validés scientifiquement, nous ne conseillons pas de produit à l’efficacité douteuse et nous recherchons toujours l’alternative offrant le meilleur rapport qualité/prix.</p>
<p>Notre cheval de bataille est d’apporter une solution à tout problème médical du ressort du pharmacien et de mettre tout en œuvre pour y parvenir. Nous réfléchissons sans cesse, en concertation multidisciplinaire au sein de l’équipe et avec des experts externes, pour trouver des solutions innovantes, pratiques et économiques, qui permettent de répondre à des besoins spécifiques tels que l’accompagnement pour la réalisation pertinente de votre trousse familiale d’urgence, votre trousse médicale de vacances, votre trousse maternité ...</p>
<p>Soigner c’est aussi être disponible : nous prenons le temps nécessaire pour vous expliquer au mieux les traitements prescrits et nous sommes à votre disposition pour vous soutenir en toutes circonstances comme vous livrer à domicile si besoin.</p>
<p><span style="color: #5fb800; font-size: 21px;"><strong>La Pharmacie Parvais, depuis près de 50 ans au service de votre santé</strong></span></p>
<p><span style="color: #5fb800;"><strong><u>Notre Equipe</u></strong></span></p>
<p><img loading="lazy" decoding="async" class="alignnone wp-image-9698 " src="https://testpharmacieparvais.mimaandcs.be/wp-content/uploads/2020/07/equipe-site.jpg" alt="" width="752" height="390" srcset="https://www.pharmacieparvais.com/wp-content/uploads/2020/07/equipe-site.jpg 850w, https://www.pharmacieparvais.com/wp-content/uploads/2020/07/equipe-site-300x156.jpg 300w, https://www.pharmacieparvais.com/wp-content/uploads/2020/07/equipe-site-768x398.jpg 768w, https://www.pharmacieparvais.com/wp-content/uploads/2020/07/equipe-site-848x441.jpg 848w, https://www.pharmacieparvais.com/wp-content/uploads/2020/07/equipe-site-600x311.jpg 600w" sizes="auto, (max-width: 752px) 100vw, 752px" /></p>
<p><strong>(de gauche à droite) :</strong></p>
<p style="padding-left: 40px;">Valérie Denys : assistante en pharmacie - 🇳🇱</p>
<p style="padding-left: 40px;">Eve Gomet : assistante en pharmacie</p>
<p style="padding-left: 40px;">Marie Parvais : pharmacienne - 🇬🇧 - 🇪🇸</p>
<p style="padding-left: 40px;">Stéphanie de Cartier : pharmacienne - 🇬🇧 - 🇳🇱</p>
<p style="padding-left: 40px;">Olivier Parvais : pharmacien - 🇬🇧</p>
<p style="padding-left: 40px;">Marianne Baligant : assistante en pharmacie</p>
<p style="padding-left: 40px;">Sylvie Delferrière : gestion et communication - 🇬🇧</p>
<p style="padding-left: 40px;">Martine Vlassembrouck : pharmacienne - 🇬🇧 - 🇪🇸 - 🇳🇱</p>
<p><span style="font-size: 18px; color: #5fb800;"><strong>Une équipe dynamique au service de votre SANTE.</strong></span></p>
<p>&nbsp;</p>
</div>
</div></div></div></div></div>

<p>Une équipe de Pharmacien professionnel à votre écoute, pour répondre au mieux à vos besoins.</p>
