{"id":7940,"date":"2020-02-21T08:49:53","date_gmt":"2020-02-21T07:49:53","guid":{"rendered":"http:\/\/testpharmacieparvais.mimaandcs.be\/?page_id=7940"},"modified":"2020-09-23T10:13:53","modified_gmt":"2020-09-23T08:13:53","slug":"nos-conseils","status":"publish","type":"page","link":"https:\/\/www.pharmacieparvais.com\/index.php\/nos-conseils\/","title":{"rendered":"Le conseil de votre pharmacien"},"content":{"rendered":"<div id=\"pl-gb7940-69f20478c83c8\"  class=\"panel-layout\" ><div id=\"pg-gb7940-69f20478c83c8-0\"  class=\"panel-grid panel-no-style\" ><div id=\"pgc-gb7940-69f20478c83c8-0-0\"  class=\"panel-grid-cell\" ><div id=\"panel-gb7940-69f20478c83c8-0-0-0\" class=\"so-panel widget widget_sow-editor panel-first-child panel-last-child\" data-index=\"0\" ><div\n\t\t\t\n\t\t\tclass=\"so-widget-sow-editor so-widget-sow-editor-base\"\n\t\t\t\n\t\t><h3 class=\"widget-title\">CUEILLETTE DE CHAMPIGNONS C&#8217;est la SAISON :  Etapes et r\u00e8gles \u00e0 respecter<\/h3>\n<div class=\"siteorigin-widget-tinymce textwidget\">\n\t<p><img loading=\"lazy\" decoding=\"async\" class=\"alignnone wp-image-9962 size-full\" src=\"https:\/\/www.pharmacieparvais.com\/wp-content\/uploads\/2020\/09\/33.jpg\" alt=\"\" width=\"780\" height=\"125\" srcset=\"https:\/\/www.pharmacieparvais.com\/wp-content\/uploads\/2020\/09\/33.jpg 780w, https:\/\/www.pharmacieparvais.com\/wp-content\/uploads\/2020\/09\/33-300x48.jpg 300w, https:\/\/www.pharmacieparvais.com\/wp-content\/uploads\/2020\/09\/33-768x123.jpg 768w, https:\/\/www.pharmacieparvais.com\/wp-content\/uploads\/2020\/09\/33-600x96.jpg 600w\" sizes=\"auto, (max-width: 780px) 100vw, 780px\" \/><\/p>\n<div id=\"primary\" class=\"content-area\">\n<div class=\"container\">\n<div class=\"row\">\n<p>La cueillette de champignons est une f\u00eate pour les gastronomes et amoureux de la nature. Pour qu&#8217;elle reste un plaisir, ne jouez pas les apprentis sorciers et respectez des r\u00e8gles simples\u00a0de prudence : r\u00e9coltez les sp\u00e9cimens en prenant soin de les mettre \u00e0 plat et de bien les s\u00e9parer dans votre panier, faites-les identifier individuellement et syst\u00e9matiquement par un sp\u00e9cialiste, votre pharmacien et respectez la nature.<\/p>\n<p>La pratique d&#8217;une cueillette responsable vous \u00e9vitera bien des d\u00e9sagr\u00e9ments.<\/p>\n<p><strong><span style=\"color: #60b945;\"><u>DES ETAPES ET REGLES A RESPECTER <\/u>:\u00a0<\/span><\/strong><br \/>\n<strong>Prudence, vigilance et attitude responsable : respectez plusieurs r\u00e8gles et \u00e9tapes indispensables avant, pendant et apr\u00e8s votre cueillette de champignons.<\/strong><\/p>\n<p><strong><span style=\"color: #60b945;\"><u>Avant la cueillette :<\/u><\/span><\/strong><\/p>\n<p><strong>\u2733<\/strong> <strong><u>Pr\u00e9parez votre \u00e9quipement :\u00a0<\/u><\/strong> il vous faut un couteau qui, de pr\u00e9f\u00e9rence, se replie. Utilisez 2 paniers larges \u00e0 fond plat. Dans le premier, vous y mettrez les esp\u00e8ces que vous connaissez. Dans le second, les champignons que vous devrez faire identifier. Attention, bannissez les sacs en plastiques car les champignons s&#8217;entassent et se d\u00e9t\u00e9riorent ! Evitez de superposer les champignons.<\/p>\n<p><strong>\u2733 <u>Des renseignements indispensables :<\/u><\/strong> on ne cueille pas de champignons dans un secteur o\u00f9 a lieu une chasse. Pour \u00e9viter toute d\u00e9convenue, renseignez-vous au pr\u00e9alable sur les calendriers de chasse. Informez-vous \u00e9galement sur le statut du lieu de votre cueillette (terrain public, terrain priv\u00e9), sur la r\u00e9glementation en vigueur et sur les \u00e9ventuelles autorisations n\u00e9cessaires.<\/p>\n<p><strong>\u2733 <u>Une documentation suffisante :<\/u>\u00a0<\/strong>munissez-vous d&#8217;un petit guide de poche de mycologie, demandez-nous conseil pour les r\u00e9f\u00e9rences bibliographiques et, \u00e9ventuellement, d&#8217;une carte IGN de votre zone de cueillette.<strong>\u00a0<\/strong><\/p>\n<p><span style=\"color: #60b945;\"><strong><u>Pendant la cueillette :<\/u><\/strong><\/span><\/p>\n<p><strong>\u2733 <u>Bien choisir son lieu de cueillette :<\/u><\/strong>\u00a0\u00e9vitez les lieux visiblement pollu\u00e9s, car les champignons concentrent les toxines pr\u00e9sentes dans le sol. Privil\u00e9giez des bois bien entretenus, avec des arbres plut\u00f4t espac\u00e9s et une liti\u00e8re relativement d\u00e9gag\u00e9e. Deux crit\u00e8res essentiels \u00e0 retenir : les champignons ont besoin de chaleur et d&#8217;humidit\u00e9 pour se d\u00e9velopper. En fonction des conditions climatiques, l&#8217;aspect du champignon peut fortement varier. Il est important de prendre note du biotope de la cueillette pour d\u00e9terminer le champignon : au pied d&#8217;un conif\u00e8re ou d&#8217;un feuillu de telle ou telle esp\u00e8ce, ou dans une prairie, &#8230; car les champignons ont souvent des affinit\u00e9s avec certaines esp\u00e8ces v\u00e9g\u00e9tales et cela permet d&#8217;amener des informations pr\u00e9cieuses lors de leur identification.<\/p>\n<p><strong>\u2733 <u>Choisir les champignons et les cueillir correctement :<\/u><\/strong>\u00a0vous devez cueillir les champignons en bon \u00e9tat, ni trop jeunes (risques de confusion), ni trop vieux. Si vous n&#8217;\u00eates pas certain de l&#8217;identification lors de la cueillette, il est important d&#8217;avoir le sp\u00e9cimen complet, base du pied souterraine comprise. Mettez les champignons \u00e0 l&#8217;horizontale de fa\u00e7on \u00e0 ne pas r\u00e9pandre de la terre sur les lamelles des autres sp\u00e9cimens comestibles. Cela compliquerait le nettoyage avant de pouvoir les manger.<\/p>\n<p>Ne pas les superposer ni les triturer inutilement. Utilisez un panier \u00e0 fond plat.<\/p>\n<ul>\n<li><strong><em><u>Respectez les champignons toxiques <\/u><\/em><\/strong>: si votre exp\u00e9rience et vos connaissances vous permettent de rep\u00e9rer des champignons toxiques, bien s\u00fbr ne les cueillez pas et, surtout, ne les d\u00e9truisez pas ! Ils ont une grande utilit\u00e9 pour tout l&#8217;\u00e9cosyst\u00e8me.<\/li>\n<\/ul>\n<p><strong><u><br \/>\n<\/u><span style=\"color: #60b945;\"><u>Apr\u00e8s la cueillette :<\/u><\/span><\/strong><\/p>\n<ul>\n<li><strong><em><u>Identification indispensable <\/u>: <\/em><\/strong>apr\u00e8s votre cueillette, un mycologue averti doit identifier chacun des champignons. Amenez-nous \u00e0 la pharmacie vos \u00e9chantillons en ayant, s&#8217;il vous pla\u00eet, respect\u00e9 les r\u00e8gles de cueillette.<\/li>\n<li><strong><em><u>Conservation optimale :<\/u><\/em><\/strong> Pour conserver vos champignons d\u00e9j\u00e0 identifi\u00e9s et comestibles, vous avez la possibilit\u00e9 de les congeler ou de les st\u00e9riliser apr\u00e8s cuisson sans oublier pr\u00e9alablement un nettoyage minutieux si possible \u00e0 sec. Vous pouvez aussi les s\u00e9cher \u00e0 l&#8217;abri du soleil.<\/li>\n<\/ul>\n<p>\u2757<span style=\"color: #ff0000;\"><strong><u>ATTENTION<\/u><\/strong><\/span>\u2757 toujours consommer les champignons avec mod\u00e9ration m\u00eame s&#8217;ils sont reconnus comestibles. Il y a en effet toujours un risque d&#8217;intol\u00e9rance digestive chez certaines personnes.<\/p>\n<p>Pour ce qui est des champignons \u00e0 identifier, mettez-les au frigo en attendant la d\u00e9termination de fa\u00e7on \u00e0 limiter leur d\u00e9gradation. Evitez de les triturer inutilement car le contact modifie les couleurs et perturbe l&#8217;identification.<\/p>\n<p><strong><span style=\"color: #60b945;\"><u>COMMENT LES IDENTIFIER\u00a0?<\/u><\/span><\/strong><\/p>\n<p><strong>Observez tr\u00e8s attentivement vos champignons. De nombreux \u00e9l\u00e9ments sont \u00e0 prendre en compte pour les reconna\u00eetre avec certitude.<\/strong><\/p>\n<p><strong>\u2733 <u>Forme g\u00e9n\u00e9rale<\/u> : <\/strong>elle est tr\u00e8s variable et permet en g\u00e9n\u00e9ral, de caract\u00e9riser la famille du champignon.<\/p>\n<p><strong>\u2733 <u>Le chapeau :<\/u><\/strong> il peut \u00eatre mamelonn\u00e9, plat, conique, en entonnoir ou bomb\u00e9. Il peut pr\u00e9senter une surface lisse, velout\u00e9e, rid\u00e9e, \u00e9cailleuse, voire couverte de taches ou de verrues.<\/p>\n<p><strong>\u2733 <u>L&#8217;hym\u00e9nium ou lamelles :<\/u> <\/strong>situ\u00e9 en g\u00e9n\u00e9ral sous le chapeau, l&#8217;hym\u00e9nium est la zone fertile o\u00f9 sont produites les spores.<\/p>\n<p><strong>\u2733<\/strong><strong> <u>Le pied<\/u><\/strong> : de forme cylindrique, massive, ventrue, renfl\u00e9e, gr\u00eale, creuse ou pleine, le pied a une surface lisse, stri\u00e9e, ponctu\u00e9e ou pelucheuse. Il s&#8217;agit de bien pr\u00eater attention \u00e0 la pr\u00e9sence d&#8217;ornement : volve (sac \u00e0 la base du pied), anneau et cortine (voile filamenteux).<\/p>\n<p><strong>\u2733 <u>La chair :<\/u><\/strong> elle est susceptible de vous r\u00e9v\u00e9ler de nombreuses informations. Quand vous la cassez, soyez attentif \u00e0 son odeur, \u00e0 sa saveur (douce, \u00e2cre, am\u00e8re), et aux \u00e9ventuels changements de couleur et suintements de lait.<br \/>\n<img loading=\"lazy\" decoding=\"async\" class=\"alignnone wp-image-9963 size-full\" src=\"https:\/\/www.pharmacieparvais.com\/wp-content\/uploads\/2020\/09\/28.jpg\" alt=\"\" width=\"780\" height=\"125\" srcset=\"https:\/\/www.pharmacieparvais.com\/wp-content\/uploads\/2020\/09\/28.jpg 780w, https:\/\/www.pharmacieparvais.com\/wp-content\/uploads\/2020\/09\/28-300x48.jpg 300w, https:\/\/www.pharmacieparvais.com\/wp-content\/uploads\/2020\/09\/28-768x123.jpg 768w, https:\/\/www.pharmacieparvais.com\/wp-content\/uploads\/2020\/09\/28-600x96.jpg 600w\" sizes=\"auto, (max-width: 780px) 100vw, 780px\" \/><\/p>\n<p><span class=\"emoji\" style=\"font-size: 16px;\">\u27a1<\/span> Des livres de mycologie peuvent vous donner les cl\u00e9s de d\u00e9termination et vous aider \u00e0 d\u00e9terminer les sp\u00e9cimens r\u00e9colt\u00e9s.<\/p>\n<p><strong><span style=\"color: #ff0000;\">\u2757Avant tout repas, soyez certain de l&#8217;identification du champignon. Si vous avez une quelconque h\u00e9sitation, prenez contact avec un sp\u00e9cialiste.<\/span><\/strong><\/p>\n<p><strong><span style=\"color: #ff0000;\">Nous sommes \u00e0 votre disposition \u00e0 la pharmacie pour vous aider \u00e0 d\u00e9terminer vos sp\u00e9cimens si toutefois vous \u00eates en mesure de nous apporter des \u00e9chantillons cueillis dans les conditions requises. \u2757<\/span><\/strong><\/p>\n<p>Bonne balade, bonne cueillette et bonne d\u00e9gustation\u00a0!<\/p>\n<p><strong><span style=\"color: #60b945;\"><u>VOICI QUELQUES DATES BALADES :<\/u><\/span><\/strong><\/p>\n<p>\ud83d\udcc6 <u>Samedi 26 septembre\u00a0:<\/u> excursion botanique et mycologique dans la for\u00eat de Mormal.<\/p>\n<p>RV \u00e0 10h \u00e0 l\u2019\u00e9glise de Locquignol, Dpt du Nord, France, (au c\u0153ur de la for\u00eat) sur la D33.<\/p>\n<p>Guide\u00a0: Francy Moreau (t\u00e9l\u00a0: 071 84 32 04)<\/p>\n<p>\ud83d\udcc6 \u00a0<u>Dimanche 10 octobre <\/u>: exposition et d\u00e9termination de champignons \u00e0 l\u2019espace de rencontre Jean Hainaut \u00e0 Jamioulx + pr\u00e9sentation des lichens.<\/p>\n<p>Lieu : place de Jamioulx 1, 6120 Jamioulx.<\/p>\n<p>Organisation de la journ\u00e9e\u00a0:<\/p>\n<p>Pour l\u2019apport d\u2019\u00e9chantillons sur place\u00a0: d\u00e8s le dimanche matin \u00e0 9h<\/p>\n<p>Guides : ceux qui veulent guider se signalent \u00e0 David Dumont (t\u00e9l : 0492 052 109 ou dd.david\u00a0<a href=\"mailto:.dumont@skynet.be\">.dumont@skynet.be<\/a>)<\/p>\n<p>Promenades guid\u00e9es\u00a0: 9h30, 11h, 14h et 15h<\/p>\n<p>Expo ouverte au public d\u00e8s 9h30 et organis\u00e9e selon les consignes en vigueur ce jour-l\u00e0<\/p>\n<p>\ud83d\udcc6 \u00a0<u>Samedi 24 octobre\u00a0:<\/u> excursion mycologique sur calcaire \u00e0 Fagnolle et sur schistes au nord de Matagne.<\/p>\n<p>RV : 9h30 \u00e0 l\u2019\u00e9glise de Matagne-la -grande (5680 Doische)<\/p>\n<p>Guide\u00a0: Francy Moreau (t\u00e9l\u00a0: 071 84 32 04)<\/p>\n<p>\ud83d\udcc6 \u00a0<u>Samedi 31 octobre\u00a0<\/u>: excursion mycologique \u00e0 Ave-et-Auffe (entit\u00e9 de Namur)<\/p>\n<p>RV\u00a0: 9h30 au cimeti\u00e8re d\u2019Ave. Apr\u00e8s la sortie de la E411, prendre la direction de Han-sur-Lesse. Vous verrez le cimeti\u00e8re assez rapidement sur la gauche, pr\u00e8s d\u2019un man\u00e8ge de chevaux, et m\u00eame avant le monast\u00e8re de Geths\u00e9mani. Parking facile et bien visible de la route (5580 Ave-et-Auffe)<\/p>\n<p>Guide\u00a0: Paul Pirot (t\u00e9l de la soci\u00e9t\u00e9 Les naturalistes de Charleroi\u00a0: 0474 22 64 25)<\/p>\n<p>\ud83d\udcc6 \u00a0<u>Samedi 7 novembre\u00a0<\/u>: excursion mycologique \u00e0 l\u2019abbaye d\u2019Aulne (le tour du m\u00e9andre recoup\u00e9)<\/p>\n<p>RV\u00a0: 13h30, devant l\u2019abbaye (6534 Goz\u00e9e)<\/p>\n<p>Guide\u00a0: Francis Moreau (t\u00e9l\u00a0: 071 84 32 04)<\/p>\n<\/div>\n<\/div>\n<\/div>\n<\/div>\n<\/div><\/div><\/div><\/div><\/div>","protected":false},"excerpt":{"rendered":"<p>Retrouvez r\u00e9guli\u00e8rement le conseil avis\u00e9 de votre sp\u00e9cialiste.<\/p>\n","protected":false},"author":1,"featured_media":9335,"parent":0,"menu_order":0,"comment_status":"closed","ping_status":"closed","template":"","meta":{"footnotes":""},"class_list":["post-7940","page","type-page","status-publish","has-post-thumbnail","hentry"],"_links":{"self":[{"href":"https:\/\/www.pharmacieparvais.com\/index.php\/wp-json\/wp\/v2\/pages\/7940","targetHints":{"allow":["GET"]}}],"collection":[{"href":"https:\/\/www.pharmacieparvais.com\/index.php\/wp-json\/wp\/v2\/pages"}],"about":[{"href":"https:\/\/www.pharmacieparvais.com\/index.php\/wp-json\/wp\/v2\/types\/page"}],"author":[{"embeddable":true,"href":"https:\/\/www.pharmacieparvais.com\/index.php\/wp-json\/wp\/v2\/users\/1"}],"replies":[{"embeddable":true,"href":"https:\/\/www.pharmacieparvais.com\/index.php\/wp-json\/wp\/v2\/comments?post=7940"}],"version-history":[{"count":13,"href":"https:\/\/www.pharmacieparvais.com\/index.php\/wp-json\/wp\/v2\/pages\/7940\/revisions"}],"predecessor-version":[{"id":9964,"href":"https:\/\/www.pharmacieparvais.com\/index.php\/wp-json\/wp\/v2\/pages\/7940\/revisions\/9964"}],"wp:featuredmedia":[{"embeddable":true,"href":"https:\/\/www.pharmacieparvais.com\/index.php\/wp-json\/wp\/v2\/media\/9335"}],"wp:attachment":[{"href":"https:\/\/www.pharmacieparvais.com\/index.php\/wp-json\/wp\/v2\/media?parent=7940"}],"curies":[{"name":"wp","href":"https:\/\/api.w.org\/{rel}","templated":true}]}}