{"id":6395,"date":"2015-12-28T20:04:07","date_gmt":"2015-12-28T20:04:07","guid":{"rendered":"http:\/\/export-xml.qreativethemes.com\/physio\/?page_id=6395"},"modified":"2020-06-16T16:20:25","modified_gmt":"2020-06-16T14:20:25","slug":"location-materiel","status":"publish","type":"page","link":"https:\/\/www.pharmacieparvais.com\/index.php\/services\/location-materiel\/","title":{"rendered":"Location de mat\u00e9riel"},"content":{"rendered":"<div id=\"pl-6395\"  class=\"panel-layout\" ><div id=\"pg-6395-0\"  class=\"panel-grid panel-no-style\" ><div id=\"pgc-6395-0-0\"  class=\"panel-grid-cell\" ><div id=\"panel-6395-0-0-0\" class=\"so-panel widget widget_sow-editor panel-first-child panel-last-child\" data-index=\"0\" ><div\n\t\t\t\n\t\t\tclass=\"so-widget-sow-editor so-widget-sow-editor-base\"\n\t\t\t\n\t\t>\n<div class=\"siteorigin-widget-tinymce textwidget\">\n\t<p><img loading=\"lazy\" decoding=\"async\" class=\"alignnone wp-image-9245 size-full\" src=\"https:\/\/testpharmacieparvais.mimaandcs.be\/wp-content\/uploads\/2020\/06\/pfp-double-pump-set-rental-w-symphony.jpeg\" alt=\"\" width=\"214\" height=\"115\" \/><img loading=\"lazy\" decoding=\"async\" class=\"alignnone size-thumbnail wp-image-9239\" src=\"https:\/\/testpharmacieparvais.mimaandcs.be\/wp-content\/uploads\/2020\/06\/ab9418f184ef8bdff8b518e86ddd6a0882bf6fb3-150x150.jpeg\" alt=\"\" width=\"150\" height=\"150\" srcset=\"https:\/\/www.pharmacieparvais.com\/wp-content\/uploads\/2020\/06\/ab9418f184ef8bdff8b518e86ddd6a0882bf6fb3-150x150.jpeg 150w, https:\/\/www.pharmacieparvais.com\/wp-content\/uploads\/2020\/06\/ab9418f184ef8bdff8b518e86ddd6a0882bf6fb3-100x100.jpeg 100w, https:\/\/www.pharmacieparvais.com\/wp-content\/uploads\/2020\/06\/ab9418f184ef8bdff8b518e86ddd6a0882bf6fb3.jpeg 240w\" sizes=\"auto, (max-width: 150px) 100vw, 150px\" \/><img loading=\"lazy\" decoding=\"async\" class=\"alignnone wp-image-9351 size-full\" src=\"https:\/\/testpharmacieparvais.mimaandcs.be\/wp-content\/uploads\/2020\/06\/tensiometre.jpg\" alt=\"\" width=\"194\" height=\"118\" \/><\/p>\n<p>Nous vous proposons la location de mat\u00e9riel suivant :<\/p>\n<p>\u2747\ufe0f A\u00e9rosols (\ud83d\udc76 enfants et \ud83e\uddd3adultes)<\/p>\n<p>\u2747\ufe0f P\u00e8ses-b\u00e9b\u00e9s \u00e9lectroniques<\/p>\n<p>\u2747\ufe0f Tensiom\u00e8tres<\/p>\n<p>\u2747\ufe0f\u00a0Tire-laits Medela<\/p>\n<p>\u2747\ufe0f Oxym\u00e8tres<\/p>\n<p>\u2747\ufe0f B\u00e9quilles et canes de marche<\/p>\n<p>\u2747\ufe0f Chaises roulantes<\/p>\n<p>\u2747\ufe0f D\u00e9ambulateurs<\/p>\n<p>\u2747\ufe0f Portes perfusions<\/p>\n<p>\u2747\ufe0f Lits m\u00e9dicalis\u00e9s<\/p>\n<p>\u2747\ufe0f Chaises perc\u00e9es<\/p>\n<p>Ces produits sont de stock \u00e0 la pharmacie ou livrables rapidement \u23f1.<\/p>\n<p>Ils sont nettoy\u00e9s compl\u00e8tement et d\u00e9sinfect\u00e9s \u00e0 l'alcool apr\u00e8s chaque utilisation.<\/p>\n<p>Toutes ces r\u00e9f\u00e9rences sont \u00e9galement disponibles \u00e0 la vente\u00a0\ud83d\uded2\u00a0 \u00e0 prix tr\u00e8s comp\u00e9titifs.<\/p>\n<p>\ud83d\udcde N'h\u00e9sitez pas \u00e0 nous contacter ....<\/p>\n<p>&nbsp;<\/p>\n<p>&nbsp;<\/p>\n<p>&nbsp;<\/p>\n<p>&nbsp;<\/p>\n<\/div>\n<\/div><\/div><\/div><\/div><\/div>","protected":false},"excerpt":{"rendered":"<p>Nous vous proposons la location de mat\u00e9riel suivant : \u2747\ufe0f A\u00e9rosols (\ud83d\udc76 enfants et \ud83e\uddd3adultes) \u2747\ufe0f P\u00e8ses-b\u00e9b\u00e9s \u00e9lectroniques \u2747\ufe0f Tensiom\u00e8tres \u2747\ufe0f\u00a0Tire-laits Medela \u2747\ufe0f Oxym\u00e8tres \u2747\ufe0f B\u00e9quilles et canes de marche \u2747\ufe0f Chaises roulantes \u2747\ufe0f D\u00e9ambulateurs \u2747\ufe0f Portes perfusions \u2747\ufe0f Lits m\u00e9dicalis\u00e9s \u2747\ufe0f Chaises perc\u00e9es Ces produits sont de stock \u00e0 la pharmacie ou livrables rapidement [&hellip;]<\/p>\n","protected":false},"author":1,"featured_media":9381,"parent":110,"menu_order":0,"comment_status":"closed","ping_status":"closed","template":"","meta":{"footnotes":""},"class_list":["post-6395","page","type-page","status-publish","has-post-thumbnail","hentry"],"_links":{"self":[{"href":"https:\/\/www.pharmacieparvais.com\/index.php\/wp-json\/wp\/v2\/pages\/6395","targetHints":{"allow":["GET"]}}],"collection":[{"href":"https:\/\/www.pharmacieparvais.com\/index.php\/wp-json\/wp\/v2\/pages"}],"about":[{"href":"https:\/\/www.pharmacieparvais.com\/index.php\/wp-json\/wp\/v2\/types\/page"}],"author":[{"embeddable":true,"href":"https:\/\/www.pharmacieparvais.com\/index.php\/wp-json\/wp\/v2\/users\/1"}],"replies":[{"embeddable":true,"href":"https:\/\/www.pharmacieparvais.com\/index.php\/wp-json\/wp\/v2\/comments?post=6395"}],"version-history":[{"count":24,"href":"https:\/\/www.pharmacieparvais.com\/index.php\/wp-json\/wp\/v2\/pages\/6395\/revisions"}],"predecessor-version":[{"id":9408,"href":"https:\/\/www.pharmacieparvais.com\/index.php\/wp-json\/wp\/v2\/pages\/6395\/revisions\/9408"}],"up":[{"embeddable":true,"href":"https:\/\/www.pharmacieparvais.com\/index.php\/wp-json\/wp\/v2\/pages\/110"}],"wp:featuredmedia":[{"embeddable":true,"href":"https:\/\/www.pharmacieparvais.com\/index.php\/wp-json\/wp\/v2\/media\/9381"}],"wp:attachment":[{"href":"https:\/\/www.pharmacieparvais.com\/index.php\/wp-json\/wp\/v2\/media?parent=6395"}],"curies":[{"name":"wp","href":"https:\/\/api.w.org\/{rel}","templated":true}]}}